 j be 5/((-12)/((-3)/(-1)))*4. Let h(k) = k**2 + 2*k + 1. Let u(m) be the third derivative of -m**4/24 + 2*m**2. Let i(p) = h(p) - 4*u(p). What is i(j)?
-4
Let c(f) be the third derivative of f**5/60 + f**4/12 - 2*f**3/3 + 16*f**2. Give c(-4).
4
Suppose -3*v + 20 = 5*d + 2*v, -12 = 5*d - 3*v. Let n(u) = -u - 8. Calculate n(d).
-8
Let m(u) = -5*u**3 - u**2 - u - 3. Let h(w) = -9*w**3 - w**2 - w - 5. Let z(a) = -3*h(a) + 5*m(a). Suppose 0 = c + 2*c - 6. Calculate z(c).
4
Let p(d) = -3*d**2 + 5*d + 4. Let o(s) = 10*s**2 - 15*s - 11. Let w(i) = -2*o(i) - 7*p(i). Calculate w(5).
-6
Let h(x) = -4 - 1 - 5*x + 0 - x**2. Let v(o) = o**2 + 9*o + 14. Let g be v(-4). Determine h(g).
-11
Let d(a) be the first derivative of -a**2/2 - 2*a - 3. Let q = 1 + -1. Calculate d(q).
-2
Let r(l) = l**3 + l**2 - 2*l + 1. Let i be 22 + -21 - (-1 + 1). Give r(i).
1
Let s(u) = -u**2 - 10*u - 3. Let n be s(-8). Let b(x) = -x + 17. Let q be b(n). Let v(l) = l**3 - 5*l**2 + 3*l + 1. Determine v(q).
-3
Let b(m) = 19*m**2 - 34*m**2 + m + 16*m**2. What is b(2)?
6
Suppose 3*p - 4*p + 2 = 0. Let l be 1/3 - 1/3. Let x(b) = b - b**p + 4*b + l*b**2. Give x(5).
0
Let d(y) be the third derivative of y**6/120 + y**5/12 - y**4/4 - 3*y**3/2 - 19*y**2. Let p be (6/5)/((-2)/10). Give d(p).
-9
Let x(q) = q + 16. Let m(b) = 3*b + 33. Let d(s) = 6*m(s) - 13*x(s). Let c(t) = 3*t - 5. Let o(u) = -7*c(u) + 4*d(u). Determine o(-5).
0
Let m(l) = -1 - l**2 - 1 + 29*l - 28*l + 0. Give m(0).
-2
Let q(z) = -z**2 + 11*z - 4. Let r be (2 - 0)/((-6)/(-21)). Calculate q(r).
24
Suppose -j = 2*j - 6. Let p(g) = -2 - 2*g**j + 2 + g**3 + 3 - 2. Calculate p(2).
1
Let z(p) = p**3 - 5*p**2 - 5*p - 3. Let v be z(6). Suppose -4 = -v*w - 1. Let o(j) = 3*j + 1. What is o(w)?
4
Let w(d) = -d**3 + d**2 - d + 1. Let j be (6/(-4))/((-21)/(-56)). Let c = j - -5. Give w(c).
0
Let w(z) = -z - 2. Suppose -5*u + 37 = p, u - 34 = -4*u - 2*p. Calculate w(u).
-10
Suppose 7*d - 14 = 14*d. Let z(p) = 5*p + 2. Let b(t) = t**2 + t. Let s(x) = -2*b(x) + z(x). What is s(d)?
-12
Suppose -w = -2*w + 5*m - 25, -2*w = -5*m + 25. Let z(l) = -l**2 - l + 3. Calculate z(w).
3
Let c(u) be the third derivative of -u**6/120 - u**5/20 + u**4/6 - u**3/3 + 15*u**2. Let p = 0 - 1. Let a = -5 - p. Give c(a).
-2
Let l(c) = -5*c + 1. Let u be l(2). Let n be -6*((-12)/u + -1). Let p(b) = -b + 2. What is p(n)?
4
Let r(t) = -t. Let m be r(-4). Let u(j) = m*j**2 + 4 - 5 - 5*j**2 + 3*j**2. Suppose 0 = z - 1 + 3. Determine u(z).
7
Let d(o) = -o**2 + 2*o + 4. Suppose -4*f = y + 4, -2 = 2*y + f + 4*f. What is d(y)?
-4
Let f(k) = k**2 + 6*k - 4. Let p be f(-6). Let g(q) = -4*q - 4. Give g(p).
12
Let w = 16 - 17. Suppose y - a = 4, -2*y - 4*a + 5 = -3*a. Let k(u) = 2 - y*u + 0 - 3. Give k(w).
2
Let x(b) be the second derivative of -b**5/20 - b**4/12 - b**3/6 - 9*b**2/2 + 5*b. Determine x(0).
-9
Let p be 0*2/6 - 2. Let c(u) = 2*u**2 + 2*u - 2. Calculate c(p).
2
Let y(r) = 2 - 1 - r - 4*r. Let z(l) = 14*l - 7 - 1 + 5. Let i(s) = -17*y(s) - 6*z(s). What is i(3)?
4
Let k(f) = f**3 - 9*f**2 - 9*f - 14. Let p be k(10). Let n(j) = -j. Calculate n(p).
4
Let n(v) be the third derivative of v**8/6720 - v**7/1680 - v**6/180 - v**5/60 - 7*v**2. Let h(i) be the third derivative of n(i). Determine h(3).
14
Let o(i) = 4*i**2 + 14*i - 4. Let d(x) = -5*x**2 - 15*x + 3. Let p(s) = 5*d(s) + 6*o(s). Give p(6).
9
Suppose -5*m = -0*m - 40. Let s be (-4 + m)/(-1 - 1). Let x(o) = -o**3 + o**2 - o. What is x(s)?
14
Let p(j) = j**2 - 4*j - 4. Suppose 0 = -4*s + 5*n + 2 - 1, -4*n + 16 = s. Suppose 0 = -y - s, y + y = -2*d. Give p(d).
-4
Let a(m) = -m**2 + 4*m. Suppose -5*f = 2*r - 11, -2*f - 2 = r + 3*r. Calculate a(f).
3
Let u(z) be the second derivative of -1/3*z**3 + 0 - 1/2*z**2 + 5*z + 1/4*z**4. Let n be 4/(-10) + 24/10. Give u(n).
7
Let c(v) = v**3 - 5*v**2 - 7*v + 9. Let q be c(6). Let y(m) = 5*m**3 + 2 - q + m - 2 + 4. What is y(-1)?
-5
Let u(x) = x**3 - 5*x**2 + 2*x + 1. Suppose 2*z - 4*t = 16, z + 19 = 6*z - 3*t. Determine u(z).
-7
Let u(c) = -c**2 - c + 5. Let n(l) = l**2 - 15*l + 50. Let p be n(8). What is u(p)?
-25
Let w be 0*(4 - 2)/(-2 - 0). Let s(z) = z**3 - z**2 + z + 4. Determine s(w).
4
Let f(w) = -4*w + 3*w + 1 - 1. Suppose -2*v + v - 14 = -5*d, -5*d = 0. Let q = v - -10. Determine f(q).
4
Let t(l) = -l. Let s = -6 + 9. Suppose r = s*q + 7, 0*r - 2*r - q = -7. Determine t(r).
-4
Suppose -5*k - 3*u + 10 = 0, 2*u = k - 2*k + 2. Let p(y) be the first derivative of -y**3/3 + 2*y + 2. Determine p(k).
-2
Suppose 18 = 4*t + 6. Suppose -t*k + 62 = -43. Suppose -5*m - 10 = -k. Let i(u) = u**3 - 5*u**2 - 5. What is i(m)?
-5
Let p(s) = s**3 + 6*s**2 + 3*s - 5. Let v be p(-5). Let n(m) be the first derivative of 1/2*m**2 + 2 - 7*m. Calculate n(v).
-2
Let v(y) = -7*y**2. Let h(i) = i**3 + 8*i**2 + 15*i + 19. Let m be h(-6). Give v(m).
-7
Let a(d) be the first derivative of d**3/3 + 28. Give a(0).
0
Let a(v) = -1 + v**3 + 4 + v - 2 + v + 4*v**2. What is a(-2)?
5
Let s(i) = -i**3 + 6*i**2 + 9*i - 6. Let b be 0 + -1 - (-7 + (-3)/3). Give s(b).
8
Let d(o) = 3*o**2 + 2*o. Let u(k) = 4*k - 3. Let t be u(2). Let n(f) = f - 2. Let p be n(5). Suppose -p*h - 2*h = 5*q + 15, -2*q + t*h + 1 = 0. Give d(q).
8
Let i = -6 - -2. Let l(g) be the second derivative of -g**3/3 - 2*g**2 - g. Let r be l(i). Let a(t) = t**3 - 4*t**2 - 3*t + 6. What is a(r)?
-6
Let h(i) be the second derivative of -2/3*i**3 + 0*i**2 + 3*i + 0. Calculate h(-1).
4
Let t(z) = -3*z + 1. Let c be 6/3 - (-6)/(-2). Let n = -5 - -5. Let q = n + c. Give t(q).
4
Suppose 5*v - 25 = -0*v. Let d(m) = -m**3 + v*m**2 + 0*m + 2 + m - 3*m. Give d(4).
10
Let t(u) = u**2 - 1. Let b(o) = 6*o**2 + 8*o - 5. Let a(j) = -b(j) + 5*t(j). Calculate a(-9).
-9
Let b be 18/(-81) + 29/9. Suppose -3*k - z = -b*z - 19, 2*k - 26 = 4*z. Let l(d) = 3*d**2 + d**3 + 0 - 2*d**3 - 1. Give l(k).
-1
Let o(m) = m**2 - 17*m + 13. Let z(u) = -u - 1. Let f(a) = o(a) - z(a). What is f(15)?
-1
Let y be (-2)/(-5) + 8/5. Let f(m) = m**y - 1 - 4*m - m + 5. Let v(r) = r**2 - 14*r + 4. Let a be v(14). Give f(a).
0
Let g(w) = 4*w**2 + 9*w - 9. Let l(s) = -2*s**2 - 5*s + 5. Let q(o) = -4*g(o) - 7*l(o). Let y(z) be the first derivative of q(z). Give y(1).
-5
Let v(i) = -i**3 - i**2 - 3*i**2 - 2*i - i**2 - 5. Let w(r) = r + 23. Let m be w(-28). Calculate v(m).
5
Let c(h) = -h + 1. Suppose 2*i - 15 = -k, -5*i - 3*k = -6*k - 54. Let r be -2*3*(0 + 1). Let j = i + r. Give c(j).
-2
Let t(z) = -4*z - 8. Let m be 2*((-8 - -11) + (-6)/1). Determine t(m).
16
Let q(t) = t - 1. Let f be (-4 + 2 - -3) + (-12)/(-3). What is q(f)?
4
Let v(c) = 3*c**3 + c**2 - c - 7. Let z(w) = -w**3 + w**2. Let p(x) = -v(x) - 4*z(x). What is p(5)?
12
Let u(v) = -7*v**2 + 6*v + 4. Let q(t) = -6*t**2 + 5*t + 4. Let b(a) = -6*q(a) + 5*u(a). Suppose -4*o - 5*h + 6 = -7*o, 3*h + 6 = 5*o. Calculate b(o).
5
Let v(z) = -z + 11. Let f be v(9). Let m(g) = -2*g + 8*g**2 + 9*g**3 - 10*g**3 - 2*g**f + 5. What is m(6)?
-7
Let l(y) = 1. Let m(g) = -g**2 + 8*g - 11. Let v(q) = -2*l(q) - m(q). What is v(6)?
-3
Let k(j) = 0*j - 2*j - 5 + 2 + j. Let v be k(-6). Let r(y) = 2*y - 1. Calculate r(v).
5
Suppose 1 = 5*m - 4. Let p = m - -1. Let b(d) = -9 + 3*d + d + 22 - d**2 - 14. Calculate b(p).
3
Let l(u) = 192*u + 1 - 7 - 191*u. Suppose 0*f = -f - 4*v + 11, -2*f = 2*v - 10. Give l(f).
-3
Let k(l) = -8*l. Let t(c) = 3*c. Let i(p) = p**2 - 5. Let u be i(4). Let d(n) = u*t(n) + 4*k(n). Calculate d(-2).
-2
Let n(x) = -x**2 + 4*x + 9*x + 0*x**2 - 7*x + 3. Calculate n(6).
3
Suppose o = 14 - 7. Let n(v) = -v + 5. Give n(o).
-2
Let u = -8 - -12. Let h(c) be the first derivative of c**3 + u + 1/2*c**2 - 1/4*c**4 + 0*c. Calculate h(4).
-12
Suppose 12*p + 15 = 7*p. Let d(t) = t**3 + 3*t**2 - 3*t - 4. Give d(p).
5
Let u = -14 + 16. Let r be (1/3)/(u/(-12)). Let z(d) = 2*d + 1. Give z(r).
-3
Let q = -29 - -33. Let o(h) be the third derivative of q*h**2 + 1/3*h**3 - 1/60*h**5 - 5/24*h**4 + 0*h + 0. What is o(-6)?
-4
Let f(l) = 6*l**3 + 3*l**3 - 10*l**3 + l - 4 - l**2. What is f(-3)?
11
Let z(f) be the second derivative of f**3/6 - 3*f**2 + 28*f. Suppose 0 = 5*p - 2*p - 12. Suppose -2*v = -p*l - v, -3*l = -3*v. Determine z(l).
-6
Suppose 2*k - 10 = 2. Let r = 7 - 0. Let z(i) = -i + i**2 - 2*i**2 + r*i + 2. Give z(k).
2
Let q(t) = -2*t 